+ o*p - 23 = 0. What is the highest common divisor of k and u?
19
Suppose 4*x + 5*f = 953, 4*x - 5*f = 972 + 51. What is the greatest common factor of x and 5681?
247
Let d(a) = 186*a + 11788. Let r be d(-62). Suppose -5*y = 3*o - 33, o - 42 = -2*o - 2*y. Calculate the highest common factor of r and o.
16
Let n(o) = o**3 + 37*o**2 - 69*o + 19. Let p be n(-38). Suppose 12*r = 5*r + p. Calculate the greatest common divisor of 18 and r.
9
Let y be (-30 + 3)/(3 - 4). Suppose 0 = -31*c + 26*c + 4*r + 14, -20 = -4*c + r. Calculate the greatest common factor of y and c.
3
Suppose 3*u + 3342 - 7893 = 0. What is the highest common divisor of 41 and u?
41
Suppose 641*g + 2*c = 643*g - 162, -3*g = -5*c - 235. What is the highest common factor of 10 and g?
5
Let h(b) = 147*b**2 - 12*b - 3. Let u be h(-2). Let a be (u/(-18))/(2/(-12)). What is the highest common divisor of a and 35?
7
Let j = 176 + -173. Suppose -2*y + 85 = 3*i, -4*y + 122 = -j*i - 3. Calculate the greatest common factor of 14 and y.
7
Let t = 47 + -22. Suppose -12 = -4*x, 0*m = -m + 3*x + t. Suppose -m - 26 = -y. Calculate the greatest common divisor of 24 and y.
12
Suppose 0*s + 3*s - 710 = 5*c, 0 = -5*c - 5. Let q = s + -157. Suppose -3*x - 3*u = -q, 5*x - 134 = -u - 2*u. Calculate the highest common divisor of 4 and x.
4
Let g be 65 - 72 - (-13 - 0). What is the highest common divisor of 626 and g?
2
Let o = -9017 - -16276. Calculate the greatest common factor of 119 and o.
119
Let g be (48/40)/((-9)/(-8850)). What is the greatest common factor of g and 20?
20
Let s(a) = 3*a - 37. Let x be s(14). Suppose -2*o - 512 = 4*d, x*d + 365 = -4*o - 281. Let m = d + 170. Calculate the greatest common divisor of m and 440.
44
Suppose -3*y + 609 = 5*v, 0*v = 3*v - 2*y - 354. Suppose v*u = 112*u + 704. What is the greatest common divisor of 33 and u?
11
Let z be (-83)/((26892/(-1920) - -6) + 8). Calculate the highest common factor of 320 and z.
160
Let p be ((-1)/(-3))/((-4)/(-1812)) - 7. Let z = 30 - 23. Suppose k - 9 = z. Calculate the highest common divisor of k and p.
16
Let z = -428 - -436. Suppose -18*p = -z*p - 1640. What is the highest common divisor of p and 123?
41
Let x = 3730 - 3369. What is the greatest common divisor of x and 38?
19
Let t = 94064 - 64890. Calculate the highest common divisor of t and 116.
58
Let m(o) = 2*o**3 - 6*o**2 + o + 3. Let v be m(7). Suppose 2*t - 2*u = 216, 0 = 4*t - 5*u - 28 - v. What is the greatest common factor of t and 22?
22
Let r(s) = -s**3 + 29*s**2 + 64*s - 36. Let g be r(31). Calculate the highest common divisor of g and 299.
13
Suppose 4*h + 259 = -3*z + 8, -4*z + 244 = -4*h. Let f = h + 73. Calculate the greatest common factor of f and 121.
11
Suppose -2*u + 3*u + 3*i + 145 = 0, 4*u - 4*i = -644. Let s = 163 + u. What is the greatest common divisor of s and 6?
6
Let z be 81 - (-1 - (0 - 1)). Let p = -5007 + 5077. Let r = z - p. Calculate the greatest common factor of 88 and r.
11
Suppose 3*n = -4*l + 10 + 4, 30 = -5*n + 4*l. Let g be (-19)/n - (-3)/2. Let h = 3 + g. Calculate the greatest common divisor of 112 and h.
14
Let y = -1757 - -1841. What is the highest common divisor of y and 483?
21
Let h be 750/180*(0 + 318). Suppose -23*q + 6500 = h. Let u = 203 + -113. What is the greatest common factor of q and u?
45
Let n(h) = -3*h**2 - 22*h - 6. Let z be n(-7). Let v = 8 - z. Suppose 3*y - 71 = 118. Calculate the highest common factor of v and y.
7
Suppose 0 = -2*b + 5*a + 47 - 10, 4*a + 36 = 2*b. What is the highest common divisor of 43376 and b?
16
Let h = -622 + 1718. What is the highest common divisor of h and 685?
137
Let p(g) = -2*g**2 - g + 33. Let v be p(-4). Let i be v + -2 + 4 + 13. What is the greatest common factor of 30 and i?
10
Suppose -32*f = -42*f + 280. Calculate the greatest common factor of f and 994.
14
Suppose 9*i = 55 + 17. Suppose -2*v = 3*c - 7, 4*c = i*c + 3*v - 9. What is the greatest common factor of 129 and c?
3
Let w(a) = -a**2 + 21*a + 2514. Let v be w(50). Calculate the highest common factor of v and 24.
8
Suppose -3*l - 11 = -29. Let w be l/18*15*2. What is the greatest common divisor of w and 170?
10
Suppose 4*b = 2*b + 4. Suppose b*x = 10*x - 16. Suppose 5*o + 1 = -4*u + 158, -x*o + 76 = 2*u. Calculate the highest common divisor of u and 33.
33
Suppose o = -3*f + 19 + 37, 0 = o + f - 52. What is the highest common factor of o and 28?
2
Let o = 7428 + -6658. What is the greatest common factor of 1386 and o?
154
Let o = 61 + -2. Let v = o + -29. Suppose 2*l + 42 = 4*z, -3*z + 33 = -z + 3*l. Calculate the greatest common factor of z and v.
6
Suppose 7*s - 2*b - 262 = 2*s, 4*s - 220 = -b. Let f = -6 + 60. What is the highest common divisor of f and s?
54
Let o = 0 + 6. Suppose 2*a = -4*b + 344, -3*a + 4*b = 1338 - 1954. Calculate the highest common divisor of o and a.
6
Let u be (-172)/(-40)*12*(-7 - -42). What is the greatest common factor of u and 336?
42
Suppose 4*m = -5*l + 336, 2*l = -3*m + 25 + 115. Calculate the highest common factor of l and 64.
64
Let d = -27543 - -27599. Calculate the highest common divisor of d and 98.
14
Let k(b) = 5*b - 18. Let l be k(-6). Let f = 55 + l. Suppose 4*y + z - 3*z = 24, -38 = -4*y - 5*z. Calculate the greatest common divisor of f and y.
7
Let o(t) = 279*t + 2653. Let b be o(-7). What is the highest common factor of 56 and b?
28
Let p(l) = 8*l**3 + 2*l**2 - l. Let o be p(1). Let d = -1431 - -1440. What is the greatest common factor of d and o?
9
Suppose 0 = -0*n - 3*n + 12. Suppose -n = 4*z - 16. Let a be -2 + 341/4 + z/4. Calculate the greatest common divisor of a and 56.
28
Suppose 20*m - 22*m + 465 = -5*g, 3*m - 723 = -g. Let f = -143 - -212. Let h = -39 + f. Calculate the highest common factor of h and m.
30
Let y = -2409 - -2415. Suppose -4*l = 3*a - 12, 4*a - 16 = -5*l + l. What is the highest common factor of a and y?
2
Suppose 3*n = x + 59, -7*x - 355 = -2*x - 3*n. Let f be (-2 - 3*(4 - 5))*126. Let l = f + x. What is the highest common divisor of 13 and l?
13
Suppose 18 = 3*l, 0 = 58*q - 63*q - 2*l + 222. Calculate the highest common factor of q and 4242.
42
Let o(u) be the first derivative of -5*u**2/2 - 5*u + 208. Let k be o(-7). What is the greatest common factor of k and 50?
10
Suppose -5*x + 81 - 2 = 3*w, -81 = -3*w - 3*x. Let n be (168/(-9))/(2/(-6)). Calculate the greatest common divisor of w and n.
28
Suppose 0*s + 4*j = s - 872, s + 5*j - 854 = 0. Let p(b) = -b**3 + 13*b**2 - 53*b + 86. Let h be p(2). What is the greatest common divisor of s and h?
24
Suppose 392 = 5*t - 4*v, 5*v = -5*t - 109 + 474. Let c = 702 - 492. Let m = c + -172. Calculate the greatest common factor of m and t.
38
Let x = -9 - -11. Suppose -x*n + 449 = -3*d, -540 = -2*n - 3*d - 97. Suppose 6*z - n = 107. What is the greatest common divisor of z and 22?
11
Let c = 15 - 3. Let s be 2/5 - c/30. Suppose s = -4*v - 3*v + 448. What is the highest common divisor of v and 8?
8
Let b = -1024 - -1089. Suppose 17 = 2*d - 4*u + u, d - 25 = -4*u. What is the greatest common divisor of b and d?
13
Let d = 228 + -208. Let u(x) = 8*x + 3. Let g be u(1). Suppose -g*l + 240 = -5*l. Calculate the greatest common divisor of l and d.
20
Suppose 6 = -3*c, -i + 4*c + 38 = 5. Suppose 3*d = -r + i, -d = -4*r + 2*d + 25. Let k = 1018 - 908. What is the greatest common factor of k and r?
10
Let v(r) = -r**3 - 37*r**2 + 347*r - 189. Let a be v(-46). What is the greatest common divisor of 263 and a?
263
Let h be -4 + 4 - (-11)/1. Suppose -12*d + 82 = -h*d. What is the highest common divisor of 328 and d?
82
Let r = 411 + -245. Suppose -h = -2*h + z + 32, 0 = -5*h - z + r. Let n = 2 - -31. Calculate the highest common factor of n and h.
33
Let b be (-9)/((-16)/(-2384)*-1). Calculate the highest common divisor of b and 298.
149
Suppose -4*o = i - 27, -4*i + 5*o + 9 = -3*i. Let h be (4 - 4) + 80/5. Suppose -h*w = -i*w + 126. What is the highest common factor of 70 and w?
14
Let o = -2204 - -5179. Calculate the greatest common divisor of o and 476.
119
Suppose -28*u + 594 + 522 = -564. What is the greatest common divisor of 18 and u?
6
Let o = -204 + 474. Suppose -5*c + 145 = -64*i + 62*i, 2*i + 91 = 3*c. What is the highest common factor of o and c?
27
Suppose 0 = 99*f - 28*f - 5112. What is the highest common 